{"id":8608,"date":"2024-12-06T19:58:47","date_gmt":"2024-12-06T18:58:47","guid":{"rendered":"https:\/\/www.quellen-hof.de\/kulturgut-quellenhof\/?post_type=tribe_events&#038;p=8608"},"modified":"2025-02-02T21:23:03","modified_gmt":"2025-02-02T20:23:03","slug":"20-kunstoffen","status":"publish","type":"tribe_events","link":"https:\/\/www.quellen-hof.de\/kulturgut-quellenhof\/quellenhof-event\/20-kunstoffen\/","title":{"rendered":"20. Kunst:offen"},"content":{"rendered":"<p>Alle beteiligten K\u00fcnstlerinnen und K\u00fcnstler am Holzbildhauer-Pleinair pr\u00e4sentieren ihre Arbeiten in den R\u00e4umen des Quellenhofs.<\/p>\n<p><strong>Pfingstsonntag, 08. Juni 2025 von 10:00 bis 18:00 Uhr<\/strong><\/p>\n","protected":false},"excerpt":{"rendered":"<p>Alle beteiligten K\u00fcnstlerinnen und K\u00fcnstler am Holzbildhauer-Pleinair pr\u00e4sentieren ihre Arbeiten in den R\u00e4umen des Quellenhofs. Pfingstsonntag, 08. Juni 2025 von 10:00 bis 18:00 Uhr<\/p>\n","protected":false},"author":5,"featured_media":0,"template":"","meta":{"_tribe_events_status":"","_tribe_events_status_reason":"","footnotes":""},"tags":[],"tribe_events_cat":[],"class_list":["post-8608","tribe_events","type-tribe_events","status-publish","hentry"],"_links":{"self":[{"href":"https:\/\/www.quellen-hof.de\/kulturgut-quellenhof\/wp-json\/wp\/v2\/tribe_events\/8608","targetHints":{"allow":["GET"]}}],"collection":[{"href":"https:\/\/www.quellen-hof.de\/kulturgut-quellenhof\/wp-json\/wp\/v2\/tribe_events"}],"about":[{"href":"https:\/\/www.quellen-hof.de\/kulturgut-quellenhof\/wp-json\/wp\/v2\/types\/tribe_events"}],"author":[{"embeddable":true,"href":"https:\/\/www.quellen-hof.de\/kulturgut-quellenhof\/wp-json\/wp\/v2\/users\/5"}],"version-history":[{"count":2,"href":"https:\/\/www.quellen-hof.de\/kulturgut-quellenhof\/wp-json\/wp\/v2\/tribe_events\/8608\/revisions"}],"predecessor-version":[{"id":8702,"href":"https:\/\/www.quellen-hof.de\/kulturgut-quellenhof\/wp-json\/wp\/v2\/tribe_events\/8608\/revisions\/8702"}],"wp:attachment":[{"href":"https:\/\/www.quellen-hof.de\/kulturgut-quellenhof\/wp-json\/wp\/v2\/media?parent=8608"}],"wp:term":[{"taxonomy":"post_tag","embeddable":true,"href":"https:\/\/www.quellen-hof.de\/kulturgut-quellenhof\/wp-json\/wp\/v2\/tags?post=8608"},{"taxonomy":"tribe_events_cat","embeddable":true,"href":"https:\/\/www.quellen-hof.de\/kulturgut-quellenhof\/wp-json\/wp\/v2\/tribe_events_cat?post=8608"}],"curies":[{"name":"wp","href":"https:\/\/api.w.org\/{rel}","templated":true}]}}

<p>Alle beteiligten Künstlerinnen und Künstler am Holzbildhauer-Pleinair präsentieren ihre Arbeiten in den Räumen des Quellenhofs.</p>
<p><strong>Pfingstsonntag, 08. Juni 2025 von 10:00 bis 18:00 Uhr</strong></p>

<p>Alle beteiligten Künstlerinnen und Künstler am Holzbildhauer-Pleinair präsentieren ihre Arbeiten in den Räumen des Quellenhofs. Pfingstsonntag, 08. Juni 2025 von 10:00 bis 18:00 Uhr</p>
