{"id":8606,"date":"2024-12-06T19:57:40","date_gmt":"2024-12-06T18:57:40","guid":{"rendered":"https:\/\/www.quellen-hof.de\/kulturgut-quellenhof\/?post_type=tribe_events&#038;p=8606"},"modified":"2025-02-02T21:22:32","modified_gmt":"2025-02-02T20:22:32","slug":"vernissage-zum-24-holzbildhauer-pleinair","status":"publish","type":"tribe_events","link":"https:\/\/www.quellen-hof.de\/kulturgut-quellenhof\/quellenhof-event\/vernissage-zum-24-holzbildhauer-pleinair\/","title":{"rendered":"Vernissage zum 24. Holzbildhauer-Pleinair"},"content":{"rendered":"<p>Vom 30. Mai bis 14. Juni 2025 werden verschiedene K\u00fcnstlerinnen und K\u00fcnstler auf dem Gel\u00e4nde des Quellenhofes aus Holzst\u00e4mmen kunstvolle Objekte schaffen. Wer mag, darf den K\u00fcnstlern dabei \u00fcber die Schulter schauen.<\/p>\n<p><strong>Vernissage Freitag, 30. Mai 2025 um 19:30 Uhr<\/strong><\/p>\n","protected":false},"excerpt":{"rendered":"<p>Vom 30. Mai bis 14. Juni 2025 werden verschiedene K\u00fcnstlerinnen und K\u00fcnstler auf dem Gel\u00e4nde des Quellenhofes aus Holzst\u00e4mmen kunstvolle Objekte schaffen. Wer mag, darf den K\u00fcnstlern dabei \u00fcber die [&hellip;]<\/p>\n","protected":false},"author":5,"featured_media":0,"template":"","meta":{"_tribe_events_status":"","_tribe_events_status_reason":"","footnotes":""},"tags":[],"tribe_events_cat":[],"class_list":["post-8606","tribe_events","type-tribe_events","status-publish","hentry"],"_links":{"self":[{"href":"https:\/\/www.quellen-hof.de\/kulturgut-quellenhof\/wp-json\/wp\/v2\/tribe_events\/8606","targetHints":{"allow":["GET"]}}],"collection":[{"href":"https:\/\/www.quellen-hof.de\/kulturgut-quellenhof\/wp-json\/wp\/v2\/tribe_events"}],"about":[{"href":"https:\/\/www.quellen-hof.de\/kulturgut-quellenhof\/wp-json\/wp\/v2\/types\/tribe_events"}],"author":[{"embeddable":true,"href":"https:\/\/www.quellen-hof.de\/kulturgut-quellenhof\/wp-json\/wp\/v2\/users\/5"}],"version-history":[{"count":2,"href":"https:\/\/www.quellen-hof.de\/kulturgut-quellenhof\/wp-json\/wp\/v2\/tribe_events\/8606\/revisions"}],"predecessor-version":[{"id":8701,"href":"https:\/\/www.quellen-hof.de\/kulturgut-quellenhof\/wp-json\/wp\/v2\/tribe_events\/8606\/revisions\/8701"}],"wp:attachment":[{"href":"https:\/\/www.quellen-hof.de\/kulturgut-quellenhof\/wp-json\/wp\/v2\/media?parent=8606"}],"wp:term":[{"taxonomy":"post_tag","embeddable":true,"href":"https:\/\/www.quellen-hof.de\/kulturgut-quellenhof\/wp-json\/wp\/v2\/tags?post=8606"},{"taxonomy":"tribe_events_cat","embeddable":true,"href":"https:\/\/www.quellen-hof.de\/kulturgut-quellenhof\/wp-json\/wp\/v2\/tribe_events_cat?post=8606"}],"curies":[{"name":"wp","href":"https:\/\/api.w.org\/{rel}","templated":true}]}}

<p>Vom 30. Mai bis 14. Juni 2025 werden verschiedene Künstlerinnen und Künstler auf dem Gelände des Quellenhofes aus Holzstämmen kunstvolle Objekte schaffen. Wer mag, darf den Künstlern dabei über die Schulter schauen.</p>
<p><strong>Vernissage Freitag, 30. Mai 2025 um 19:30 Uhr</strong></p>

<p>Vom 30. Mai bis 14. Juni 2025 werden verschiedene Künstlerinnen und Künstler auf dem Gelände des Quellenhofes aus Holzstämmen kunstvolle Objekte schaffen. Wer mag, darf den Künstlern dabei über die [&hellip;]</p>
