{"id":8600,"date":"2024-12-06T19:54:09","date_gmt":"2024-12-06T18:54:09","guid":{"rendered":"https:\/\/www.quellen-hof.de\/kulturgut-quellenhof\/?post_type=tribe_events&#038;p=8600"},"modified":"2025-02-04T21:56:46","modified_gmt":"2025-02-04T20:56:46","slug":"kraeuterkochkurs-mit-grit-nitzsche-18","status":"publish","type":"tribe_events","link":"https:\/\/www.quellen-hof.de\/kulturgut-quellenhof\/quellenhof-event\/kraeuterkochkurs-mit-grit-nitzsche-18\/","title":{"rendered":"Kr\u00e4uterkochkurs mit Grit Nitzsche (jeweils 13:00 Uhr und 17:00 Uhr)"},"content":{"rendered":"<p>Unsere \u201eKr\u00e4uterhexe\u201c Grit Nitzsche geht mit Ihnen auf die Suche nach Essbarem auf den Wiesen und gemeinsam zaubern Sie mit ihr ein Men\u00fc aus Kr\u00e4utern und Unkr\u00e4utern.<\/p>\n<p><strong>12. bis 14. Mai 2025 jeweils 13:00 Uhr und 17:00 Uhr<\/strong><\/p>\n<p><strong>Anmeldung erforderlich: Tel.: 034497 78378 oder <\/strong><a href=\"mailto:kraeuterkochkurs.quellenhof@gmail.com\"><strong>kraeuterkochkurs.quellenhof@gmail.com<\/strong><\/a><\/p>\n","protected":false},"excerpt":{"rendered":"<p>Unsere \u201eKr\u00e4uterhexe\u201c Grit Nitzsche geht mit Ihnen auf die Suche nach Essbarem auf den Wiesen und gemeinsam zaubern Sie mit ihr ein Men\u00fc aus Kr\u00e4utern und Unkr\u00e4utern. 12. bis 14. [&hellip;]<\/p>\n","protected":false},"author":5,"featured_media":0,"template":"","meta":{"_tribe_events_status":"","_tribe_events_status_reason":"","footnotes":""},"tags":[],"tribe_events_cat":[],"class_list":["post-8600","tribe_events","type-tribe_events","status-publish","hentry"],"_links":{"self":[{"href":"https:\/\/www.quellen-hof.de\/kulturgut-quellenhof\/wp-json\/wp\/v2\/tribe_events\/8600","targetHints":{"allow":["GET"]}}],"collection":[{"href":"https:\/\/www.quellen-hof.de\/kulturgut-quellenhof\/wp-json\/wp\/v2\/tribe_events"}],"about":[{"href":"https:\/\/www.quellen-hof.de\/kulturgut-quellenhof\/wp-json\/wp\/v2\/types\/tribe_events"}],"author":[{"embeddable":true,"href":"https:\/\/www.quellen-hof.de\/kulturgut-quellenhof\/wp-json\/wp\/v2\/users\/5"}],"version-history":[{"count":6,"href":"https:\/\/www.quellen-hof.de\/kulturgut-quellenhof\/wp-json\/wp\/v2\/tribe_events\/8600\/revisions"}],"predecessor-version":[{"id":8711,"href":"https:\/\/www.quellen-hof.de\/kulturgut-quellenhof\/wp-json\/wp\/v2\/tribe_events\/8600\/revisions\/8711"}],"wp:attachment":[{"href":"https:\/\/www.quellen-hof.de\/kulturgut-quellenhof\/wp-json\/wp\/v2\/media?parent=8600"}],"wp:term":[{"taxonomy":"post_tag","embeddable":true,"href":"https:\/\/www.quellen-hof.de\/kulturgut-quellenhof\/wp-json\/wp\/v2\/tags?post=8600"},{"taxonomy":"tribe_events_cat","embeddable":true,"href":"https:\/\/www.quellen-hof.de\/kulturgut-quellenhof\/wp-json\/wp\/v2\/tribe_events_cat?post=8600"}],"curies":[{"name":"wp","href":"https:\/\/api.w.org\/{rel}","templated":true}]}}

Kräuterkochkurs mit Grit Nitzsche (jeweils 13:00 Uhr und 17:00 Uhr)

<p>Unsere „Kräuterhexe“ Grit Nitzsche geht mit Ihnen auf die Suche nach Essbarem auf den Wiesen und gemeinsam zaubern Sie mit ihr ein Menü aus Kräutern und Unkräutern.</p>
<p><strong>12. bis 14. Mai 2025 jeweils 13:00 Uhr und 17:00 Uhr</strong></p>
<p><strong>Anmeldung erforderlich: Tel.: 034497 78378 oder </strong><a href="mailto:kraeuterkochkurs.quellenhof@gmail.com"><strong>kraeuterkochkurs.quellenhof@gmail.com</strong></a></p>

<p>Unsere „Kräuterhexe“ Grit Nitzsche geht mit Ihnen auf die Suche nach Essbarem auf den Wiesen und gemeinsam zaubern Sie mit ihr ein Menü aus Kräutern und Unkräutern. 12. bis 14. [&hellip;]</p>
