{"id":8433,"date":"2024-04-18T19:44:58","date_gmt":"2024-04-18T17:44:58","guid":{"rendered":"https:\/\/www.quellen-hof.de\/kulturgut-quellenhof\/?post_type=tribe_events&#038;p=8433"},"modified":"2024-04-18T19:51:19","modified_gmt":"2024-04-18T17:51:19","slug":"experimentelle-grafikkurse-mit-sabine-mueller-11","status":"publish","type":"tribe_events","link":"https:\/\/www.quellen-hof.de\/kulturgut-quellenhof\/quellenhof-event\/experimentelle-grafikkurse-mit-sabine-mueller-11\/","title":{"rendered":"Experimentelle Grafikkurse mit Sabine M\u00fcller"},"content":{"rendered":"<p>Sabine M\u00fcller l\u00e4dt ein, mit der Radiernadel oder dem Cuttermesser eine eigene Grafik zu gestalten.<\/p>\n<p><strong>Am 02.11.2024 von 10:00 bis 16:00 Uhr.<\/strong><\/p>\n<p><strong>Kurskosten: 28,- \u20ac + 7,- \u20ac Farbe<\/strong><\/p>\n<p>Anmeldung sp\u00e4testens 2 Wochen vor dem Termin; Tel: 0175 8854518<\/p>\n<p>oder <a href=\"mailto:k.u.s.mueller@t-online.de\">k.u.s.mueller@t-online.de<\/a>\u00a0.<\/p>\n","protected":false},"excerpt":{"rendered":"<p>Sabine M\u00fcller l\u00e4dt ein, mit der Radiernadel oder dem Cuttermesser eine eigene Grafik zu gestalten. Am 02.11.2024 von 10:00 bis 16:00 Uhr. Kurskosten: 28,- \u20ac + 7,- \u20ac Farbe Anmeldung [&hellip;]<\/p>\n","protected":false},"author":8,"featured_media":0,"template":"","meta":{"_tribe_events_status":"","_tribe_events_status_reason":"","footnotes":""},"tags":[],"tribe_events_cat":[],"class_list":["post-8433","tribe_events","type-tribe_events","status-publish","hentry"],"_links":{"self":[{"href":"https:\/\/www.quellen-hof.de\/kulturgut-quellenhof\/wp-json\/wp\/v2\/tribe_events\/8433","targetHints":{"allow":["GET"]}}],"collection":[{"href":"https:\/\/www.quellen-hof.de\/kulturgut-quellenhof\/wp-json\/wp\/v2\/tribe_events"}],"about":[{"href":"https:\/\/www.quellen-hof.de\/kulturgut-quellenhof\/wp-json\/wp\/v2\/types\/tribe_events"}],"author":[{"embeddable":true,"href":"https:\/\/www.quellen-hof.de\/kulturgut-quellenhof\/wp-json\/wp\/v2\/users\/8"}],"version-history":[{"count":1,"href":"https:\/\/www.quellen-hof.de\/kulturgut-quellenhof\/wp-json\/wp\/v2\/tribe_events\/8433\/revisions"}],"predecessor-version":[{"id":8434,"href":"https:\/\/www.quellen-hof.de\/kulturgut-quellenhof\/wp-json\/wp\/v2\/tribe_events\/8433\/revisions\/8434"}],"wp:attachment":[{"href":"https:\/\/www.quellen-hof.de\/kulturgut-quellenhof\/wp-json\/wp\/v2\/media?parent=8433"}],"wp:term":[{"taxonomy":"post_tag","embeddable":true,"href":"https:\/\/www.quellen-hof.de\/kulturgut-quellenhof\/wp-json\/wp\/v2\/tags?post=8433"},{"taxonomy":"tribe_events_cat","embeddable":true,"href":"https:\/\/www.quellen-hof.de\/kulturgut-quellenhof\/wp-json\/wp\/v2\/tribe_events_cat?post=8433"}],"curies":[{"name":"wp","href":"https:\/\/api.w.org\/{rel}","templated":true}]}}

Experimentelle Grafikkurse mit Sabine Müller

<p>Sabine Müller lädt ein, mit der Radiernadel oder dem Cuttermesser eine eigene Grafik zu gestalten.</p>
<p><strong>Am 02.11.2024 von 10:00 bis 16:00 Uhr.</strong></p>
<p><strong>Kurskosten: 28,- € + 7,- € Farbe</strong></p>
<p>Anmeldung spätestens 2 Wochen vor dem Termin; Tel: 0175 8854518</p>
<p>oder <a href="mailto:k.u.s.mueller@t-online.de">k.u.s.mueller@t-online.de</a> .</p>

<p>Sabine Müller lädt ein, mit der Radiernadel oder dem Cuttermesser eine eigene Grafik zu gestalten. Am 02.11.2024 von 10:00 bis 16:00 Uhr. Kurskosten: 28,- € + 7,- € Farbe Anmeldung [&hellip;]</p>
