{"id":8271,"date":"2023-12-09T09:55:19","date_gmt":"2023-12-09T08:55:19","guid":{"rendered":"https:\/\/www.quellen-hof.de\/kulturgut-quellenhof\/?post_type=tribe_events&#038;p=8271"},"modified":"2024-06-18T06:57:46","modified_gmt":"2024-06-18T04:57:46","slug":"37-garbisdorfer-vogelschiessen-das-dorffest","status":"publish","type":"tribe_events","link":"https:\/\/www.quellen-hof.de\/kulturgut-quellenhof\/quellenhof-event\/37-garbisdorfer-vogelschiessen-das-dorffest\/","title":{"rendered":"37. Garbisdorfer Vogelschie\u00dfen \u2013 Das Dorffest"},"content":{"rendered":"<p><strong>37. Garbisdorfer Vogelschie\u00dfen \u2013 Das Dorffest vom 28. bis 30. Juni 2024<\/strong><\/p>\n<p><strong><u>Samstag, 29. Juni 2024<\/u><\/strong><\/p>\n<p>15.00 Uhr\u00a0\u00a0\u00a0 <strong>Er\u00f6ffnung<\/strong> 37. Garbisdorfer Vogelschie\u00dfen und <strong>23. Lanz- und Schleppertreffen<\/strong><\/p>\n<p>15.00 Uhr \u00a0\u00a0 <strong>Kindervogelschie\u00dfen<\/strong> und alte Kinderspiele<\/p>\n<p>15.30 Uhr\u00a0\u00a0\u00a0 <strong>Schalmeienkapelle<\/strong> Frohnsdorf<\/p>\n<p>18.00 Uhr \u00a0\u00a0 Spa\u00df auf dem Bauernhof, \u201e<strong>Schwein gehabt<\/strong>\u201c f\u00fcr Kinder<\/p>\n<p>20.00 Uhr \u00a0\u00a0 Tanzabend mit Uschi und Band von Atlantis<\/p>\n<p>Ca. 22:00 Uhr\u00a0\u00a0\u00a0\u00a0\u00a0\u00a0\u00a0\u00a0\u00a0 Gro\u00dfes Feuerwerk<\/p>\n<p>&nbsp;<\/p>\n<p><strong><u>Sonntag, 30. Juni 2024<\/u><\/strong><\/p>\n<p>09.30 Uhr \u00a0\u00a0 <strong>Gottesdienst<\/strong> auf dem Festplatz<\/p>\n<p>10.00 Uhr \u00a0\u00a0 <strong>Abholen der Sch\u00fctzenk\u00f6nigin<\/strong><\/p>\n<p>12.00 Uhr \u00a0\u00a0 \u00d6ffnung der <strong>Druckwerkstatt, Lanz- und Schleppertreffen<\/strong>,\u00a0 Vorf\u00fchrung von <strong>alten Handwerken<\/strong><\/p>\n<p>gegen 12.00 Uhr\u00a0\u00a0 Eintreffen der Sch\u00fctzenk\u00f6nigin<\/p>\n<p>12.00 Uhr \u00a0\u00a0 Setzen der <strong>Erntekrone mit T\u00e4ubchentanz<\/strong><\/p>\n<p>12.30 Uhr \u00a0\u00a0 Beginn des <strong>Vogelschie\u00dfens<\/strong><\/p>\n<p>13.00 Uhr\u00a0\u00a0\u00a0 Im Kinderland:, Gl\u00fccksrad, Kletterstange uvm., Kreativkonsum Kriebitzsch<\/p>\n<p>gegen 17.00 Uhr \u00a0 Ermittlung des <strong>Sch\u00fctzenk\u00f6nigs <\/strong>danach <strong>COMO VENTO<\/strong> gr\u00fc\u00dft den neuen Sch\u00fctzenk\u00f6nig<\/p>\n<p>18.00 Uhr \u00a0\u00a0 Spa\u00df auf dem Bauernhof, \u201e<strong>Schwein gehabt<\/strong>\u201c f\u00fcr Kinder<\/p>\n<p>&nbsp;<\/p>\n<p>An beiden Tagen reichlich Speis und Trank, Lanz- und Schleppertreffen, alte Handwerke, Kinderkarussell, Kinderschminken H\u00fcpfburg, Museum offen<\/p>\n<p>F\u00fcr Fu\u00dfballinteressierte ist es m\u00f6glich, die anstehenden Spiele auf unserer Leinwand zu verfolgen<\/p>\n<p>&nbsp;<\/p>\n<p><strong>Samstag und Sonntag Eintritt frei!<\/strong><\/p>\n","protected":false},"excerpt":{"rendered":"<p>37. Garbisdorfer Vogelschie\u00dfen \u2013 Das Dorffest vom 28. bis 30. Juni 2024 Samstag, 29. Juni 2024 15.00 Uhr\u00a0\u00a0\u00a0 Er\u00f6ffnung 37. Garbisdorfer Vogelschie\u00dfen und 23. Lanz- und Schleppertreffen 15.00 Uhr \u00a0\u00a0 [&hellip;]<\/p>\n","protected":false},"author":5,"featured_media":0,"template":"","meta":{"_tribe_events_status":"","_tribe_events_status_reason":"","footnotes":""},"tags":[],"tribe_events_cat":[],"class_list":["post-8271","tribe_events","type-tribe_events","status-publish","hentry"],"_links":{"self":[{"href":"https:\/\/www.quellen-hof.de\/kulturgut-quellenhof\/wp-json\/wp\/v2\/tribe_events\/8271","targetHints":{"allow":["GET"]}}],"collection":[{"href":"https:\/\/www.quellen-hof.de\/kulturgut-quellenhof\/wp-json\/wp\/v2\/tribe_events"}],"about":[{"href":"https:\/\/www.quellen-hof.de\/kulturgut-quellenhof\/wp-json\/wp\/v2\/types\/tribe_events"}],"author":[{"embeddable":true,"href":"https:\/\/www.quellen-hof.de\/kulturgut-quellenhof\/wp-json\/wp\/v2\/users\/5"}],"version-history":[{"count":5,"href":"https:\/\/www.quellen-hof.de\/kulturgut-quellenhof\/wp-json\/wp\/v2\/tribe_events\/8271\/revisions"}],"predecessor-version":[{"id":8520,"href":"https:\/\/www.quellen-hof.de\/kulturgut-quellenhof\/wp-json\/wp\/v2\/tribe_events\/8271\/revisions\/8520"}],"wp:attachment":[{"href":"https:\/\/www.quellen-hof.de\/kulturgut-quellenhof\/wp-json\/wp\/v2\/media?parent=8271"}],"wp:term":[{"taxonomy":"post_tag","embeddable":true,"href":"https:\/\/www.quellen-hof.de\/kulturgut-quellenhof\/wp-json\/wp\/v2\/tags?post=8271"},{"taxonomy":"tribe_events_cat","embeddable":true,"href":"https:\/\/www.quellen-hof.de\/kulturgut-quellenhof\/wp-json\/wp\/v2\/tribe_events_cat?post=8271"}],"curies":[{"name":"wp","href":"https:\/\/api.w.org\/{rel}","templated":true}]}}

37. Garbisdorfer Vogelschießen – Das Dorffest

<p><strong>37. Garbisdorfer Vogelschießen – Das Dorffest vom 28. bis 30. Juni 2024</strong></p>
<p><strong><u>Samstag, 29. Juni 2024</u></strong></p>
<p>15.00 Uhr    <strong>Eröffnung</strong> 37. Garbisdorfer Vogelschießen und <strong>23. Lanz- und Schleppertreffen</strong></p>
<p>15.00 Uhr    <strong>Kindervogelschießen</strong> und alte Kinderspiele</p>
<p>15.30 Uhr    <strong>Schalmeienkapelle</strong> Frohnsdorf</p>
<p>18.00 Uhr    Spaß auf dem Bauernhof, „<strong>Schwein gehabt</strong>“ für Kinder</p>
<p>20.00 Uhr    Tanzabend mit Uschi und Band von Atlantis</p>
<p>Ca. 22:00 Uhr          Großes Feuerwerk</p>
<p>&nbsp;</p>
<p><strong><u>Sonntag, 30. Juni 2024</u></strong></p>
<p>09.30 Uhr    <strong>Gottesdienst</strong> auf dem Festplatz</p>
<p>10.00 Uhr    <strong>Abholen der Schützenkönigin</strong></p>
<p>12.00 Uhr    Öffnung der <strong>Druckwerkstatt, Lanz- und Schleppertreffen</strong>,  Vorführung von <strong>alten Handwerken</strong></p>
<p>gegen 12.00 Uhr   Eintreffen der Schützenkönigin</p>
<p>12.00 Uhr    Setzen der <strong>Erntekrone mit Täubchentanz</strong></p>
<p>12.30 Uhr    Beginn des <strong>Vogelschießens</strong></p>
<p>13.00 Uhr    Im Kinderland:, Glücksrad, Kletterstange uvm., Kreativkonsum Kriebitzsch</p>
<p>gegen 17.00 Uhr   Ermittlung des <strong>Schützenkönigs </strong>danach <strong>COMO VENTO</strong> grüßt den neuen Schützenkönig</p>
<p>18.00 Uhr    Spaß auf dem Bauernhof, „<strong>Schwein gehabt</strong>“ für Kinder</p>
<p>&nbsp;</p>
<p>An beiden Tagen reichlich Speis und Trank, Lanz- und Schleppertreffen, alte Handwerke, Kinderkarussell, Kinderschminken Hüpfburg, Museum offen</p>
<p>Für Fußballinteressierte ist es möglich, die anstehenden Spiele auf unserer Leinwand zu verfolgen</p>
<p>&nbsp;</p>
<p><strong>Samstag und Sonntag Eintritt frei!</strong></p>

<p>37. Garbisdorfer Vogelschießen – Das Dorffest vom 28. bis 30. Juni 2024 Samstag, 29. Juni 2024 15.00 Uhr    Eröffnung 37. Garbisdorfer Vogelschießen und 23. Lanz- und Schleppertreffen 15.00 Uhr    [&hellip;]</p>
