{"id":8267,"date":"2023-12-09T09:52:48","date_gmt":"2023-12-09T08:52:48","guid":{"rendered":"https:\/\/www.quellen-hof.de\/kulturgut-quellenhof\/?post_type=tribe_events&#038;p=8267"},"modified":"2024-01-28T20:47:36","modified_gmt":"2024-01-28T19:47:36","slug":"kraeuterkochkurs-mit-grit-nitzsche-11","status":"publish","type":"tribe_events","link":"https:\/\/www.quellen-hof.de\/kulturgut-quellenhof\/quellenhof-event\/kraeuterkochkurs-mit-grit-nitzsche-11\/","title":{"rendered":"Kr\u00e4uterkochkurs mit Grit Nitzsche"},"content":{"rendered":"<p>Unsere \u201eKr\u00e4uterhexe\u201c Grit Nitzsche geht mit Ihnen auf die Suche nach Essbarem auf den Wiesen und gemeinsam zaubern Sie mit ihr ein Men\u00fc aus Kr\u00e4utern und Unkr\u00e4utern.<\/p>\n<p><strong>jeweils 13:00 Uhr und 17:00 Uhr<\/strong><\/p>\n<p><strong>Anmeldung erforderlich: Tel.: 034497 78378 oder <\/strong><a href=\"mailto:kraeuterkochkurs.quellenhof@gmail.com\"><strong>kraeuterkochkurs.quellenhof@gmail.com<\/strong><\/a><\/p>\n","protected":false},"excerpt":{"rendered":"<p>Unsere \u201eKr\u00e4uterhexe\u201c Grit Nitzsche geht mit Ihnen auf die Suche nach Essbarem auf den Wiesen und gemeinsam zaubern Sie mit ihr ein Men\u00fc aus Kr\u00e4utern und Unkr\u00e4utern. jeweils 13:00 Uhr [&hellip;]<\/p>\n","protected":false},"author":5,"featured_media":0,"template":"","meta":{"_tribe_events_status":"","_tribe_events_status_reason":"","footnotes":""},"tags":[],"tribe_events_cat":[],"class_list":["post-8267","tribe_events","type-tribe_events","status-publish","hentry"],"_links":{"self":[{"href":"https:\/\/www.quellen-hof.de\/kulturgut-quellenhof\/wp-json\/wp\/v2\/tribe_events\/8267","targetHints":{"allow":["GET"]}}],"collection":[{"href":"https:\/\/www.quellen-hof.de\/kulturgut-quellenhof\/wp-json\/wp\/v2\/tribe_events"}],"about":[{"href":"https:\/\/www.quellen-hof.de\/kulturgut-quellenhof\/wp-json\/wp\/v2\/types\/tribe_events"}],"author":[{"embeddable":true,"href":"https:\/\/www.quellen-hof.de\/kulturgut-quellenhof\/wp-json\/wp\/v2\/users\/5"}],"version-history":[{"count":3,"href":"https:\/\/www.quellen-hof.de\/kulturgut-quellenhof\/wp-json\/wp\/v2\/tribe_events\/8267\/revisions"}],"predecessor-version":[{"id":8369,"href":"https:\/\/www.quellen-hof.de\/kulturgut-quellenhof\/wp-json\/wp\/v2\/tribe_events\/8267\/revisions\/8369"}],"wp:attachment":[{"href":"https:\/\/www.quellen-hof.de\/kulturgut-quellenhof\/wp-json\/wp\/v2\/media?parent=8267"}],"wp:term":[{"taxonomy":"post_tag","embeddable":true,"href":"https:\/\/www.quellen-hof.de\/kulturgut-quellenhof\/wp-json\/wp\/v2\/tags?post=8267"},{"taxonomy":"tribe_events_cat","embeddable":true,"href":"https:\/\/www.quellen-hof.de\/kulturgut-quellenhof\/wp-json\/wp\/v2\/tribe_events_cat?post=8267"}],"curies":[{"name":"wp","href":"https:\/\/api.w.org\/{rel}","templated":true}]}}

Kräuterkochkurs mit Grit Nitzsche

<p>Unsere „Kräuterhexe“ Grit Nitzsche geht mit Ihnen auf die Suche nach Essbarem auf den Wiesen und gemeinsam zaubern Sie mit ihr ein Menü aus Kräutern und Unkräutern.</p>
<p><strong>jeweils 13:00 Uhr und 17:00 Uhr</strong></p>
<p><strong>Anmeldung erforderlich: Tel.: 034497 78378 oder </strong><a href="mailto:kraeuterkochkurs.quellenhof@gmail.com"><strong>kraeuterkochkurs.quellenhof@gmail.com</strong></a></p>

<p>Unsere „Kräuterhexe“ Grit Nitzsche geht mit Ihnen auf die Suche nach Essbarem auf den Wiesen und gemeinsam zaubern Sie mit ihr ein Menü aus Kräutern und Unkräutern. jeweils 13:00 Uhr [&hellip;]</p>
