{"id":7674,"date":"2023-03-23T14:04:43","date_gmt":"2023-03-23T13:04:43","guid":{"rendered":"https:\/\/www.quellen-hof.de\/kulturgut-quellenhof\/?page_id=7674"},"modified":"2023-04-25T11:09:19","modified_gmt":"2023-04-25T09:09:19","slug":"geschichte","status":"publish","type":"page","link":"https:\/\/www.quellen-hof.de\/kulturgut-quellenhof\/geschichte\/","title":{"rendered":"Geschichte"},"content":{"rendered":"\t\t<div data-elementor-type=\"wp-post\" data-elementor-id=\"7674\" class=\"elementor elementor-7674\">\n\t\t\t\t\t\t<section class=\"elementor-section elementor-top-section elementor-element elementor-element-eea7a18 elementor-section-height-min-height elementor-section-stretched elementor-section-boxed elementor-section-height-default elementor-section-items-middle\" data-id=\"eea7a18\" data-element_type=\"section\" data-e-type=\"section\" data-settings=\"{&quot;stretch_section&quot;:&quot;section-stretched&quot;,&quot;background_background&quot;:&quot;classic&quot;}\">\n\t\t\t\t\t\t<div class=\"elementor-container elementor-column-gap-default\">\n\t\t\t\t\t<div class=\"elementor-column elementor-col-100 elementor-top-column elementor-element elementor-element-6db1899d\" data-id=\"6db1899d\" data-element_type=\"column\" data-e-type=\"column\">\n\t\t\t<div class=\"elementor-widget-wrap\">\n\t\t\t\t\t\t\t<\/div>\n\t\t<\/div>\n\t\t\t\t\t<\/div>\n\t\t<\/section>\n\t\t\t\t<section class=\"elementor-section elementor-top-section elementor-element elementor-element-1e34df2c elementor-section-boxed elementor-section-height-default elementor-section-height-default\" data-id=\"1e34df2c\" data-element_type=\"section\" data-e-type=\"section\" data-settings=\"{&quot;background_background&quot;:&quot;classic&quot;}\">\n\t\t\t\t\t\t<div class=\"elementor-container elementor-column-gap-default\">\n\t\t\t\t\t<div class=\"elementor-column elementor-col-50 elementor-top-column elementor-element elementor-element-f3498be\" data-id=\"f3498be\" data-element_type=\"column\" data-e-type=\"column\" data-settings=\"{&quot;background_background&quot;:&quot;classic&quot;}\">\n\t\t\t<div class=\"elementor-widget-wrap elementor-element-populated\">\n\t\t\t\t\t\t<div class=\"elementor-element elementor-element-660ed450 elementor-invisible elementor-widget elementor-widget-heading\" data-id=\"660ed450\" data-element_type=\"widget\" data-e-type=\"widget\" data-settings=\"{&quot;_animation&quot;:&quot;fadeInUp&quot;}\" data-widget_type=\"heading.default\">\n\t\t\t\t<div class=\"elementor-widget-container\">\n\t\t\t\t\t<h2 class=\"elementor-heading-title elementor-size-large\">_____DER QUELLENHOF IN GARBISDORF<\/h2>\t\t\t\t<\/div>\n\t\t\t\t<\/div>\n\t\t\t\t<div class=\"elementor-element elementor-element-75008140 elementor-invisible elementor-widget elementor-widget-heading\" data-id=\"75008140\" data-element_type=\"widget\" data-e-type=\"widget\" data-settings=\"{&quot;_animation&quot;:&quot;fadeInUp&quot;}\" data-widget_type=\"heading.default\">\n\t\t\t\t<div class=\"elementor-widget-container\">\n\t\t\t\t\t<h3 class=\"elementor-heading-title elementor-size-xl\">GESCHICHTE VON GARBISDORF UND DES QUELLENHOFES<\/h3>\t\t\t\t<\/div>\n\t\t\t\t<\/div>\n\t\t\t\t<div class=\"elementor-element elementor-element-3b83ba09 elementor-invisible elementor-widget elementor-widget-text-editor\" data-id=\"3b83ba09\" data-element_type=\"widget\" data-e-type=\"widget\" data-settings=\"{&quot;_animation&quot;:&quot;fadeInUp&quot;}\" data-widget_type=\"text-editor.default\">\n\t\t\t\t<div class=\"elementor-widget-container\">\n\t\t\t\t\t\t\t\t\t<p>Garbisdorf ist nach archivarischen Unterlagen ein Kolonistendorf fr\u00e4nkischer Siedler. Es wurde wie seine Nachbard\u00f6rfer in der Rodungszeit des Plei\u00dfner K\u00f6nigswaldes von einwandernden Volksgruppen um 1200 gegr\u00fcndet. Das Dorf Garbisdorf wuchs in den vergangenen Jahrhunderten nur moderat und behielt deshalb seine offene Siedlungsstruktur eines s\u00e4chsischen Stra\u00dfendorfes. Das Dorfbild wird dominiert von der in der Ortsmitte liegenden sch\u00f6nen Kirche und verstreut liegenden gro\u00dfen Bauernh\u00f6fen, von denen einer der hier vorzustellende Quellenhof ist. Alle Bauernh\u00f6fe \u2013 auch der Quellenhof \u2013 stehen unter Denkmalschutz.<\/p><p>Die Geschichte des Quellenhofes l\u00e4\u00dft sich anhand von Archivalien zur\u00fcckverfolgen bis in das Jahr 1717. Erstes bauliches Zeugnis ist ein Schlu\u00dfstein am Pferdestall, der mit H.H.1731 auf den Erbauer Hans Helbig und das Entstehungsjahr des \u00e4ltesten noch vorhandenen Geb\u00e4udeteiles hinweist.<\/p><p>1803 brennt der gesamte Hof infolge unvorsichtigen Umgangs mit Licht komplett ab, und wird 1804 wieder in der Gestalt aufgebaut, in der er sich uns heute pr\u00e4sentiert.<\/p><p>Der Hof besteht aus einem gro\u00dfen Wohnhaus mit massivem Erdgescho\u00df und Fachwerkobergescho\u00df. Das Fachwerk ist ein einfaches, schmuckloses Leiterfachwerk, das seinen Reiz aus seiner Gro\u00dfformatigkeit bezieht. Die Bohlenstube im Erdgescho\u00df ist noch von einem Umgebinde umbunden, der Nordgiebel ist massiv und tr\u00e4gt zum Dorf weisenden Porphyrschmuck. Hier befindet sich auch der gro\u00dfr\u00e4umige Kuhstall mit sch\u00f6nem Kreuzgew\u00f6lbe.<\/p><p>Der Pferdestall gegen\u00fcber hat noch das alte, massive Erdgescho\u00df von 1731, welches 1804 beim Aufrichten des neuen Fachwerk \u2013 Obergeschosses \u00fcberformt wurde. Im Obergescho\u00df befindet sich eine sehr gro\u00dfe Porstube, der Festraum der Altenburger Bauern. Dieser bisher unbeachtete Raum ist eigentlich der geschichtstr\u00e4chtigste und damit historisch authentischste vom ganzen Hof: In den gekalkten Lehmputz sind eingeritzte Inschriften, Initialen und Jahreszahlen von der Bauzeit (!) bis hin zu russischen Zwangsarbeitern 1945. Lebenszeichen des Hofes.<\/p><p>Die Nordseite des Hofes wird von einer sehr gro\u00dfen Fachwerkscheune geschlossen, die in ihrem Mittelteil noch einen sch\u00f6nen gew\u00f6lbten Keller birgt.<\/p><p>Die S\u00fcdfront des Hofes wird eingenommen vom Torhaus mit Stall. Auch hier eine zeittypisch sch\u00f6n gestaltete Torfahrt, die schr\u00e4g durch das Geb\u00e4ude f\u00fchrt, massives Erdgescho\u00df und ebenm\u00e4\u00dfiges Leiterfachwerk oben. Eine Schwellholzinschrift verr\u00e4t n\u00e4heres zur Bauherrschaft. Extern an die vier hofumschlie\u00dfenden Geb\u00e4ude wurde noch eine sch\u00f6ne Fachwerkscheune als f\u00fcnftes Geb\u00e4ude angebaut. Vor ihrem Giebel liegt der landschaftstypische, mit Porphyrs\u00e4ulen und Holzlatten eingez\u00e4unte Bauerngarten. Auf drei Seiten ist der Hof umgeben von einer gro\u00dfen Wiese, in deren Tal sich ein Fischteich befindet.<\/p>\t\t\t\t\t\t\t\t<\/div>\n\t\t\t\t<\/div>\n\t\t\t\t\t<\/div>\n\t\t<\/div>\n\t\t\t\t<div class=\"elementor-column elementor-col-50 elementor-top-column elementor-element elementor-element-1d858dab\" data-id=\"1d858dab\" data-element_type=\"column\" data-e-type=\"column\">\n\t\t\t<div class=\"elementor-widget-wrap elementor-element-populated\">\n\t\t\t\t\t\t<div class=\"elementor-element elementor-element-87a8aff gallery-spacing-custom elementor-invisible elementor-widget elementor-widget-image-gallery\" data-id=\"87a8aff\" data-element_type=\"widget\" data-e-type=\"widget\" data-settings=\"{&quot;_animation&quot;:&quot;fadeInUp&quot;}\" data-widget_type=\"image-gallery.default\">\n\t\t\t\t<div class=\"elementor-widget-container\">\n\t\t\t\t\t\t\t<div class=\"elementor-image-gallery\">\n\t\t\t<div id='gallery-1' class='gallery galleryid-7674 gallery-columns-1 gallery-size-large'><figure class='gallery-item'>\n\t\t\t<div class='gallery-icon landscape'>\n\t\t\t\t<a data-elementor-open-lightbox=\"yes\" data-elementor-lightbox-slideshow=\"87a8aff\" data-elementor-lightbox-title=\"geschi-1\" data-e-action-hash=\"#elementor-action%3Aaction%3Dlightbox%26settings%3DeyJpZCI6Nzg1MCwidXJsIjoiaHR0cHM6XC9cL3d3dy5xdWVsbGVuLWhvZi5kZVwva3VsdHVyZ3V0LXF1ZWxsZW5ob2ZcL3dwLWNvbnRlbnRcL3VwbG9hZHNcLzIwMjNcLzA0XC9nZXNjaGktMS5qcGciLCJzbGlkZXNob3ciOiI4N2E4YWZmIn0%3D\" href='https:\/\/www.quellen-hof.de\/kulturgut-quellenhof\/wp-content\/uploads\/2023\/04\/geschi-1.jpg' data-lbwps-width=\"500\" data-lbwps-height=\"305\" data-lbwps-srcsmall=\"https:\/\/www.quellen-hof.de\/kulturgut-quellenhof\/wp-content\/uploads\/2023\/04\/geschi-1-300x183.jpg\"><img fetchpriority=\"high\" decoding=\"async\" width=\"500\" height=\"305\" src=\"https:\/\/www.quellen-hof.de\/kulturgut-quellenhof\/wp-content\/uploads\/2023\/04\/geschi-1.jpg\" class=\"attachment-large size-large\" alt=\"\" srcset=\"https:\/\/www.quellen-hof.de\/kulturgut-quellenhof\/wp-content\/uploads\/2023\/04\/geschi-1.jpg 500w, https:\/\/www.quellen-hof.de\/kulturgut-quellenhof\/wp-content\/uploads\/2023\/04\/geschi-1-300x183.jpg 300w\" sizes=\"(max-width: 500px) 100vw, 500px\" \/><\/a>\n\t\t\t<\/div><\/figure><figure class='gallery-item'>\n\t\t\t<div class='gallery-icon landscape'>\n\t\t\t\t<a data-elementor-open-lightbox=\"yes\" data-elementor-lightbox-slideshow=\"87a8aff\" data-elementor-lightbox-title=\"geschi-2\" data-e-action-hash=\"#elementor-action%3Aaction%3Dlightbox%26settings%3DeyJpZCI6Nzg1MSwidXJsIjoiaHR0cHM6XC9cL3d3dy5xdWVsbGVuLWhvZi5kZVwva3VsdHVyZ3V0LXF1ZWxsZW5ob2ZcL3dwLWNvbnRlbnRcL3VwbG9hZHNcLzIwMjNcLzA0XC9nZXNjaGktMi5qcGciLCJzbGlkZXNob3ciOiI4N2E4YWZmIn0%3D\" href='https:\/\/www.quellen-hof.de\/kulturgut-quellenhof\/wp-content\/uploads\/2023\/04\/geschi-2.jpg' data-lbwps-width=\"281\" data-lbwps-height=\"200\" data-lbwps-srcsmall=\"https:\/\/www.quellen-hof.de\/kulturgut-quellenhof\/wp-content\/uploads\/2023\/04\/geschi-2.jpg\"><img decoding=\"async\" width=\"281\" height=\"200\" src=\"https:\/\/www.quellen-hof.de\/kulturgut-quellenhof\/wp-content\/uploads\/2023\/04\/geschi-2.jpg\" class=\"attachment-large size-large\" alt=\"\" \/><\/a>\n\t\t\t<\/div><\/figure><figure class='gallery-item'>\n\t\t\t<div class='gallery-icon landscape'>\n\t\t\t\t<a data-elementor-open-lightbox=\"yes\" data-elementor-lightbox-slideshow=\"87a8aff\" data-elementor-lightbox-title=\"SONY DSC\" data-e-action-hash=\"#elementor-action%3Aaction%3Dlightbox%26settings%3DeyJpZCI6Nzg1MiwidXJsIjoiaHR0cHM6XC9cL3d3dy5xdWVsbGVuLWhvZi5kZVwva3VsdHVyZ3V0LXF1ZWxsZW5ob2ZcL3dwLWNvbnRlbnRcL3VwbG9hZHNcLzIwMjNcLzA0XC9nZXNjaGktMy5qcGciLCJzbGlkZXNob3ciOiI4N2E4YWZmIn0%3D\" href='https:\/\/www.quellen-hof.de\/kulturgut-quellenhof\/wp-content\/uploads\/2023\/04\/geschi-3.jpg' data-lbwps-width=\"640\" data-lbwps-height=\"428\" data-lbwps-srcsmall=\"https:\/\/www.quellen-hof.de\/kulturgut-quellenhof\/wp-content\/uploads\/2023\/04\/geschi-3-300x201.jpg\"><img decoding=\"async\" width=\"640\" height=\"428\" src=\"https:\/\/www.quellen-hof.de\/kulturgut-quellenhof\/wp-content\/uploads\/2023\/04\/geschi-3.jpg\" class=\"attachment-large size-large\" alt=\"\" srcset=\"https:\/\/www.quellen-hof.de\/kulturgut-quellenhof\/wp-content\/uploads\/2023\/04\/geschi-3.jpg 640w, https:\/\/www.quellen-hof.de\/kulturgut-quellenhof\/wp-content\/uploads\/2023\/04\/geschi-3-300x201.jpg 300w\" sizes=\"(max-width: 640px) 100vw, 640px\" \/><\/a>\n\t\t\t<\/div><\/figure>\n\t\t<\/div>\n\t\t<\/div>\n\t\t\t\t\t\t<\/div>\n\t\t\t\t<\/div>\n\t\t\t\t\t<\/div>\n\t\t<\/div>\n\t\t\t\t\t<\/div>\n\t\t<\/section>\n\t\t\t\t<\/div>\n\t\t","protected":false},"excerpt":{"rendered":"<p>_____DER QUELLENHOF IN GARBISDORF GESCHICHTE VON GARBISDORF UND DES QUELLENHOFES Garbisdorf ist nach archivarischen Unterlagen ein Kolonistendorf fr\u00e4nkischer Siedler. Es wurde wie seine Nachbard\u00f6rfer in der Rodungszeit des Plei\u00dfner K\u00f6nigswaldes [&hellip;]<\/p>\n","protected":false},"author":7,"featured_media":0,"parent":0,"menu_order":0,"comment_status":"closed","ping_status":"closed","template":"","meta":{"footnotes":""},"class_list":["post-7674","page","type-page","status-publish","hentry"],"_links":{"self":[{"href":"https:\/\/www.quellen-hof.de\/kulturgut-quellenhof\/wp-json\/wp\/v2\/pages\/7674","targetHints":{"allow":["GET"]}}],"collection":[{"href":"https:\/\/www.quellen-hof.de\/kulturgut-quellenhof\/wp-json\/wp\/v2\/pages"}],"about":[{"href":"https:\/\/www.quellen-hof.de\/kulturgut-quellenhof\/wp-json\/wp\/v2\/types\/page"}],"author":[{"embeddable":true,"href":"https:\/\/www.quellen-hof.de\/kulturgut-quellenhof\/wp-json\/wp\/v2\/users\/7"}],"replies":[{"embeddable":true,"href":"https:\/\/www.quellen-hof.de\/kulturgut-quellenhof\/wp-json\/wp\/v2\/comments?post=7674"}],"version-history":[{"count":12,"href":"https:\/\/www.quellen-hof.de\/kulturgut-quellenhof\/wp-json\/wp\/v2\/pages\/7674\/revisions"}],"predecessor-version":[{"id":8033,"href":"https:\/\/www.quellen-hof.de\/kulturgut-quellenhof\/wp-json\/wp\/v2\/pages\/7674\/revisions\/8033"}],"wp:attachment":[{"href":"https:\/\/www.quellen-hof.de\/kulturgut-quellenhof\/wp-json\/wp\/v2\/media?parent=7674"}],"curies":[{"name":"wp","href":"https:\/\/api.w.org\/{rel}","templated":true}]}}