{"id":174,"date":"2019-02-07T13:47:47","date_gmt":"2019-02-07T12:47:47","guid":{"rendered":"https:\/\/www.quellen-hof.de\/?page_id=174"},"modified":"2023-04-25T11:09:15","modified_gmt":"2023-04-25T09:09:15","slug":"geschichte-alt","status":"publish","type":"page","link":"https:\/\/www.quellen-hof.de\/kulturgut-quellenhof\/geschichte-alt\/","title":{"rendered":"Geschichte (alt)"},"content":{"rendered":"\t\t<div data-elementor-type=\"wp-post\" data-elementor-id=\"174\" class=\"elementor elementor-174\">\n\t\t\t\t\t\t<section class=\"elementor-section elementor-top-section elementor-element elementor-element-ddb0948 elementor-section-stretched elementor-section-boxed elementor-section-height-default elementor-section-height-default elementor-invisible\" data-id=\"ddb0948\" data-element_type=\"section\" data-e-type=\"section\" data-settings=\"{&quot;stretch_section&quot;:&quot;section-stretched&quot;,&quot;animation&quot;:&quot;fadeInLeft&quot;}\">\n\t\t\t\t\t\t<div class=\"elementor-container elementor-column-gap-default\">\n\t\t\t\t\t<div class=\"elementor-column elementor-col-100 elementor-top-column elementor-element elementor-element-a527f7f\" data-id=\"a527f7f\" data-element_type=\"column\" data-e-type=\"column\">\n\t\t\t<div class=\"elementor-widget-wrap elementor-element-populated\">\n\t\t\t\t\t\t<div class=\"elementor-element elementor-element-3e272c8 elementor-widget elementor-widget-heading\" data-id=\"3e272c8\" data-element_type=\"widget\" data-e-type=\"widget\" data-widget_type=\"heading.default\">\n\t\t\t\t<div class=\"elementor-widget-container\">\n\t\t\t\t\t<h4 class=\"elementor-heading-title elementor-size-default\">Zur Geschichte von Garbisdorf und des Quellenhofes<\/h4>\t\t\t\t<\/div>\n\t\t\t\t<\/div>\n\t\t\t\t\t<\/div>\n\t\t<\/div>\n\t\t\t\t\t<\/div>\n\t\t<\/section>\n\t\t\t\t<section class=\"elementor-section elementor-top-section elementor-element elementor-element-cc27d2f elementor-section-boxed elementor-section-height-default elementor-section-height-default elementor-invisible\" data-id=\"cc27d2f\" data-element_type=\"section\" data-e-type=\"section\" data-settings=\"{&quot;animation&quot;:&quot;fadeInUp&quot;}\">\n\t\t\t\t\t\t<div class=\"elementor-container elementor-column-gap-default\">\n\t\t\t\t\t<div class=\"elementor-column elementor-col-50 elementor-top-column elementor-element elementor-element-18ec15c\" data-id=\"18ec15c\" data-element_type=\"column\" data-e-type=\"column\">\n\t\t\t<div class=\"elementor-widget-wrap elementor-element-populated\">\n\t\t\t\t\t\t<div class=\"elementor-element elementor-element-42f0912 elementor-widget elementor-widget-text-editor\" data-id=\"42f0912\" data-element_type=\"widget\" data-e-type=\"widget\" data-widget_type=\"text-editor.default\">\n\t\t\t\t<div class=\"elementor-widget-container\">\n\t\t\t\t\t\t\t\t\t<p>Garbisdorf ist nach archivarischen Unterlagen ein Kolonistendorf fr\u00e4nkischer Siedler. Es wurde wie seine Nachbard\u00f6rfer in der Rodungszeit des Plei\u00dfner K\u00f6nigswaldes von einwandernden Volksgruppen um 1200 gegr\u00fcndet. Das Dorf Garbisdorf wuchs in den vergangenen Jahrhunderten nur moderat und behielt deshalb seine offene Siedlungsstruktur eines s\u00e4chsischen Stra\u00dfendorfes. Das Dorfbild wird dominiert von der in der Ortsmitte liegenden sch\u00f6nen Kirche und verstreut liegenden gro\u00dfen Bauernh\u00f6fen, von denen einer der hier vorzustellende Quellenhof ist. Alle Bauernh\u00f6fe \u2013 auch der Quellenhof \u2013 stehen unter Denkmalschutz.<\/p>\t\t\t\t\t\t\t\t<\/div>\n\t\t\t\t<\/div>\n\t\t\t\t<div class=\"elementor-element elementor-element-0d31945 elementor-widget elementor-widget-image-gallery\" data-id=\"0d31945\" data-element_type=\"widget\" data-e-type=\"widget\" data-widget_type=\"image-gallery.default\">\n\t\t\t\t<div class=\"elementor-widget-container\">\n\t\t\t\t\t\t\t<div class=\"elementor-image-gallery\">\n\t\t\t<div id='gallery-1' class='gallery galleryid-174 gallery-columns-1 gallery-size-large'><figure class='gallery-item'>\n\t\t\t<div class='gallery-icon landscape'>\n\t\t\t\t<a data-elementor-open-lightbox=\"yes\" data-elementor-lightbox-slideshow=\"0d31945\" data-elementor-lightbox-title=\"festwiese_gr\" data-e-action-hash=\"#elementor-action%3Aaction%3Dlightbox%26settings%3DeyJpZCI6MTc5LCJ1cmwiOiJodHRwczpcL1wvd3d3LnF1ZWxsZW4taG9mLmRlXC9rdWx0dXJndXQtcXVlbGxlbmhvZlwvd3AtY29udGVudFwvdXBsb2Fkc1wvMjAxOVwvMDJcL2Zlc3R3aWVzZV9nci5qcGciLCJzbGlkZXNob3ciOiIwZDMxOTQ1In0%3D\" href='https:\/\/www.quellen-hof.de\/kulturgut-quellenhof\/wp-content\/uploads\/2019\/02\/festwiese_gr.jpg' data-lbwps-width=\"500\" data-lbwps-height=\"336\" data-lbwps-srcsmall=\"https:\/\/www.quellen-hof.de\/kulturgut-quellenhof\/wp-content\/uploads\/2019\/02\/festwiese_gr-300x202.jpg\"><img fetchpriority=\"high\" decoding=\"async\" width=\"500\" height=\"336\" src=\"https:\/\/www.quellen-hof.de\/kulturgut-quellenhof\/wp-content\/uploads\/2019\/02\/festwiese_gr.jpg\" class=\"attachment-large size-large\" alt=\"\" srcset=\"https:\/\/www.quellen-hof.de\/kulturgut-quellenhof\/wp-content\/uploads\/2019\/02\/festwiese_gr.jpg 500w, https:\/\/www.quellen-hof.de\/kulturgut-quellenhof\/wp-content\/uploads\/2019\/02\/festwiese_gr-300x202.jpg 300w\" sizes=\"(max-width: 500px) 100vw, 500px\" \/><\/a>\n\t\t\t<\/div><\/figure>\n\t\t<\/div>\n\t\t<\/div>\n\t\t\t\t\t\t<\/div>\n\t\t\t\t<\/div>\n\t\t\t\t<div class=\"elementor-element elementor-element-7410cd0 elementor-widget elementor-widget-text-editor\" data-id=\"7410cd0\" data-element_type=\"widget\" data-e-type=\"widget\" data-widget_type=\"text-editor.default\">\n\t\t\t\t<div class=\"elementor-widget-container\">\n\t\t\t\t\t\t\t\t\t<p>Die Geschichte des Quellenhofes l\u00e4\u00dft sich anhand von Archivalien zur\u00fcckverfolgen bis in das Jahr 1717. Erstes bauliches Zeugnis ist ein Schlu\u00dfstein am Pferdestall, der mit H.H.1731 auf den Erbauer Hans Helbig und das Entstehungsjahr des \u00e4ltesten noch vorhandenen Geb\u00e4udeteiles hinweist.<\/p><p>1803 brennt der gesamte Hof infolge unvorsichtigen Umgangs mit Licht komplett ab, und wird<br \/>1804 wieder in der Gestalt aufgebaut, in der er sich uns heute pr\u00e4sentiert.<\/p><p>Der Hof besteht aus einem gro\u00dfen Wohnhaus mit massivem Erdgescho\u00df und Fachwerkobergescho\u00df. Das Fachwerk ist ein einfaches, schmuckloses Leiterfachwerk, das seinen Reiz aus seiner Gro\u00dfformatigkeit bezieht. Die Bohlenstube im Erdgescho\u00df ist noch von einem Umgebinde umbunden, der Nordgiebel ist massiv und tr\u00e4gt zum Dorf weisenden Porphyrschmuck. Hier befindet sich auch der gro\u00dfr\u00e4umige Kuhstall mit sch\u00f6nem Kreuzgew\u00f6lbe.<\/p>\t\t\t\t\t\t\t\t<\/div>\n\t\t\t\t<\/div>\n\t\t\t\t<div class=\"elementor-element elementor-element-313bbb5 elementor-widget elementor-widget-image-gallery\" data-id=\"313bbb5\" data-element_type=\"widget\" data-e-type=\"widget\" data-widget_type=\"image-gallery.default\">\n\t\t\t\t<div class=\"elementor-widget-container\">\n\t\t\t\t\t\t\t<div class=\"elementor-image-gallery\">\n\t\t\t<div id='gallery-2' class='gallery galleryid-174 gallery-columns-1 gallery-size-large'><figure class='gallery-item'>\n\t\t\t<div class='gallery-icon landscape'>\n\t\t\t\t<a data-elementor-open-lightbox=\"yes\" data-elementor-lightbox-slideshow=\"313bbb5\" data-elementor-lightbox-title=\"suedansicht_gr\" data-e-action-hash=\"#elementor-action%3Aaction%3Dlightbox%26settings%3DeyJpZCI6MTgwLCJ1cmwiOiJodHRwczpcL1wvd3d3LnF1ZWxsZW4taG9mLmRlXC9rdWx0dXJndXQtcXVlbGxlbmhvZlwvd3AtY29udGVudFwvdXBsb2Fkc1wvMjAxOVwvMDJcL3N1ZWRhbnNpY2h0X2dyLmpwZyIsInNsaWRlc2hvdyI6IjMxM2JiYjUifQ%3D%3D\" href='https:\/\/www.quellen-hof.de\/kulturgut-quellenhof\/wp-content\/uploads\/2019\/02\/suedansicht_gr.jpg' data-lbwps-width=\"500\" data-lbwps-height=\"305\" data-lbwps-srcsmall=\"https:\/\/www.quellen-hof.de\/kulturgut-quellenhof\/wp-content\/uploads\/2019\/02\/suedansicht_gr-300x183.jpg\"><img decoding=\"async\" width=\"500\" height=\"305\" src=\"https:\/\/www.quellen-hof.de\/kulturgut-quellenhof\/wp-content\/uploads\/2019\/02\/suedansicht_gr.jpg\" class=\"attachment-large size-large\" alt=\"\" srcset=\"https:\/\/www.quellen-hof.de\/kulturgut-quellenhof\/wp-content\/uploads\/2019\/02\/suedansicht_gr.jpg 500w, https:\/\/www.quellen-hof.de\/kulturgut-quellenhof\/wp-content\/uploads\/2019\/02\/suedansicht_gr-300x183.jpg 300w\" sizes=\"(max-width: 500px) 100vw, 500px\" \/><\/a>\n\t\t\t<\/div><\/figure>\n\t\t<\/div>\n\t\t<\/div>\n\t\t\t\t\t\t<\/div>\n\t\t\t\t<\/div>\n\t\t\t\t\t<\/div>\n\t\t<\/div>\n\t\t\t\t<div class=\"elementor-column elementor-col-50 elementor-top-column elementor-element elementor-element-38ec43d\" data-id=\"38ec43d\" data-element_type=\"column\" data-e-type=\"column\">\n\t\t\t<div class=\"elementor-widget-wrap elementor-element-populated\">\n\t\t\t\t\t\t<div class=\"elementor-element elementor-element-16f0d84 elementor-widget elementor-widget-image-gallery\" data-id=\"16f0d84\" data-element_type=\"widget\" data-e-type=\"widget\" data-widget_type=\"image-gallery.default\">\n\t\t\t\t<div class=\"elementor-widget-container\">\n\t\t\t\t\t\t\t<div class=\"elementor-image-gallery\">\n\t\t\t<div id='gallery-3' class='gallery galleryid-174 gallery-columns-1 gallery-size-large'><figure class='gallery-item'>\n\t\t\t<div class='gallery-icon landscape'>\n\t\t\t\t<a data-elementor-open-lightbox=\"yes\" data-elementor-lightbox-slideshow=\"16f0d84\" data-elementor-lightbox-title=\"einfahrtsseite_gr\" data-e-action-hash=\"#elementor-action%3Aaction%3Dlightbox%26settings%3DeyJpZCI6MTc4LCJ1cmwiOiJodHRwczpcL1wvd3d3LnF1ZWxsZW4taG9mLmRlXC9rdWx0dXJndXQtcXVlbGxlbmhvZlwvd3AtY29udGVudFwvdXBsb2Fkc1wvMjAxOVwvMDJcL2VpbmZhaHJ0c3NlaXRlX2dyLmpwZyIsInNsaWRlc2hvdyI6IjE2ZjBkODQifQ%3D%3D\" href='https:\/\/www.quellen-hof.de\/kulturgut-quellenhof\/wp-content\/uploads\/2019\/02\/einfahrtsseite_gr.jpg' data-lbwps-width=\"500\" data-lbwps-height=\"292\" data-lbwps-srcsmall=\"https:\/\/www.quellen-hof.de\/kulturgut-quellenhof\/wp-content\/uploads\/2019\/02\/einfahrtsseite_gr-300x175.jpg\"><img decoding=\"async\" width=\"500\" height=\"292\" src=\"https:\/\/www.quellen-hof.de\/kulturgut-quellenhof\/wp-content\/uploads\/2019\/02\/einfahrtsseite_gr.jpg\" class=\"attachment-large size-large\" alt=\"\" srcset=\"https:\/\/www.quellen-hof.de\/kulturgut-quellenhof\/wp-content\/uploads\/2019\/02\/einfahrtsseite_gr.jpg 500w, https:\/\/www.quellen-hof.de\/kulturgut-quellenhof\/wp-content\/uploads\/2019\/02\/einfahrtsseite_gr-300x175.jpg 300w\" sizes=\"(max-width: 500px) 100vw, 500px\" \/><\/a>\n\t\t\t<\/div><\/figure>\n\t\t<\/div>\n\t\t<\/div>\n\t\t\t\t\t\t<\/div>\n\t\t\t\t<\/div>\n\t\t\t\t<div class=\"elementor-element elementor-element-7805fc3 elementor-widget elementor-widget-text-editor\" data-id=\"7805fc3\" data-element_type=\"widget\" data-e-type=\"widget\" data-widget_type=\"text-editor.default\">\n\t\t\t\t<div class=\"elementor-widget-container\">\n\t\t\t\t\t\t\t\t\t<p>Der Pferdestall gegen\u00fcber hat noch das alte, massive Erdgescho\u00df von 1731, welches 1804 beim Aufrichten des neuen Fachwerk \u2013 Obergeschosses \u00fcberformt wurde. Im Obergescho\u00df befindet sich eine sehr gro\u00dfe Porstube, der Festraum der Altenburger Bauern. Dieser bisher unbeachtete Raum ist eigentlich der geschichtstr\u00e4chtigste und damit historisch authentischste vom ganzen Hof: In den gekalkten Lehmputz sind eingeritzte Inschriften, Initialen und Jahreszahlen von der Bauzeit (!) bis hin zu russischen Zwangsarbeitern 1945. Lebenszeichen des Hofes.<\/p><p>Die Nordseite des Hofes wird von einer sehr gro\u00dfen Fachwerkscheune geschlossen, die in ihrem Mittelteil noch einen sch\u00f6nen gew\u00f6lbten Keller birgt.<\/p><p>Die S\u00fcdfront des Hofes wird eingenommen vom Torhaus mit Stall. Auch hier eine zeittypisch sch\u00f6n gestaltete Torfahrt, die schr\u00e4g durch das Geb\u00e4ude f\u00fchrt, massives Erdgescho\u00df und ebenm\u00e4\u00dfiges Leiterfachwerk oben. Eine Schwellholzinschrift verr\u00e4t n\u00e4heres zur Bauherrschaft. Extern an die vier hofumschlie\u00dfenden Geb\u00e4ude wurde noch eine sch\u00f6ne Fachwerkscheune als f\u00fcnftes Geb\u00e4ude angebaut. Vor ihrem Giebel liegt der landschaftstypische, mit Porphyrs\u00e4ulen und Holzlatten eingez\u00e4unte Bauerngarten. Auf drei Seiten ist der Hof umgeben von einer gro\u00dfen Wiese, in deren Tal sich ein Fischteich befindet.<\/p>\t\t\t\t\t\t\t\t<\/div>\n\t\t\t\t<\/div>\n\t\t\t\t<div class=\"elementor-element elementor-element-5d38d03 elementor-widget elementor-widget-image-gallery\" data-id=\"5d38d03\" data-element_type=\"widget\" data-e-type=\"widget\" data-widget_type=\"image-gallery.default\">\n\t\t\t\t<div class=\"elementor-widget-container\">\n\t\t\t\t\t\t\t<div class=\"elementor-image-gallery\">\n\t\t\t<div id='gallery-4' class='gallery galleryid-174 gallery-columns-1 gallery-size-large'><figure class='gallery-item'>\n\t\t\t<div class='gallery-icon landscape'>\n\t\t\t\t<a data-elementor-open-lightbox=\"yes\" data-elementor-lightbox-slideshow=\"5d38d03\" data-elementor-lightbox-title=\"torhaus_gr\" data-e-action-hash=\"#elementor-action%3Aaction%3Dlightbox%26settings%3DeyJpZCI6MTg0LCJ1cmwiOiJodHRwczpcL1wvd3d3LnF1ZWxsZW4taG9mLmRlXC9rdWx0dXJndXQtcXVlbGxlbmhvZlwvd3AtY29udGVudFwvdXBsb2Fkc1wvMjAxOVwvMDJcL3RvcmhhdXNfZ3IuanBnIiwic2xpZGVzaG93IjoiNWQzOGQwMyJ9\" href='https:\/\/www.quellen-hof.de\/kulturgut-quellenhof\/wp-content\/uploads\/2019\/02\/torhaus_gr.jpg' data-lbwps-width=\"500\" data-lbwps-height=\"327\" data-lbwps-srcsmall=\"https:\/\/www.quellen-hof.de\/kulturgut-quellenhof\/wp-content\/uploads\/2019\/02\/torhaus_gr-300x196.jpg\"><img loading=\"lazy\" decoding=\"async\" width=\"500\" height=\"327\" src=\"https:\/\/www.quellen-hof.de\/kulturgut-quellenhof\/wp-content\/uploads\/2019\/02\/torhaus_gr.jpg\" class=\"attachment-large size-large\" alt=\"\" srcset=\"https:\/\/www.quellen-hof.de\/kulturgut-quellenhof\/wp-content\/uploads\/2019\/02\/torhaus_gr.jpg 500w, https:\/\/www.quellen-hof.de\/kulturgut-quellenhof\/wp-content\/uploads\/2019\/02\/torhaus_gr-300x196.jpg 300w\" sizes=\"(max-width: 500px) 100vw, 500px\" \/><\/a>\n\t\t\t<\/div><\/figure>\n\t\t<\/div>\n\t\t<\/div>\n\t\t\t\t\t\t<\/div>\n\t\t\t\t<\/div>\n\t\t\t\t\t<\/div>\n\t\t<\/div>\n\t\t\t\t\t<\/div>\n\t\t<\/section>\n\t\t\t\t<section class=\"elementor-section elementor-top-section elementor-element elementor-element-e60caa4 elementor-section-stretched elementor-section-boxed elementor-section-height-default elementor-section-height-default\" data-id=\"e60caa4\" data-element_type=\"section\" data-e-type=\"section\" data-settings=\"{&quot;stretch_section&quot;:&quot;section-stretched&quot;,&quot;shape_divider_bottom&quot;:&quot;curve&quot;,&quot;shape_divider_bottom_negative&quot;:&quot;yes&quot;}\">\n\t\t\t\t\t<div class=\"elementor-shape elementor-shape-bottom\" aria-hidden=\"true\" data-negative=\"true\">\n\t\t\t<svg xmlns=\"http:\/\/www.w3.org\/2000\/svg\" viewBox=\"0 0 1000 100\" preserveAspectRatio=\"none\">\n\t<path class=\"elementor-shape-fill\" d=\"M500,97C126.7,96.3,0.8,19.8,0,0v100l1000,0V1C1000,19.4,873.3,97.8,500,97z\"\/>\n<\/svg>\t\t<\/div>\n\t\t\t\t\t<div class=\"elementor-container elementor-column-gap-default\">\n\t\t\t\t\t<div class=\"elementor-column elementor-col-25 elementor-top-column elementor-element elementor-element-cfa49f9\" data-id=\"cfa49f9\" data-element_type=\"column\" data-e-type=\"column\">\n\t\t\t<div class=\"elementor-widget-wrap elementor-element-populated\">\n\t\t\t\t\t\t<div class=\"elementor-element elementor-element-5494f4f elementor-align-justify elementor-widget elementor-widget-button\" data-id=\"5494f4f\" data-element_type=\"widget\" data-e-type=\"widget\" data-widget_type=\"button.default\">\n\t\t\t\t<div class=\"elementor-widget-container\">\n\t\t\t\t\t\t\t\t\t<div class=\"elementor-button-wrapper\">\n\t\t\t\t\t<a class=\"elementor-button elementor-button-link elementor-size-sm\" href=\"https:\/\/www.quellen-hof.de\/kulturgut-quellenhof\/ziele\">\n\t\t\t\t\t\t<span class=\"elementor-button-content-wrapper\">\n\t\t\t\t\t\t<span class=\"elementor-button-icon\">\n\t\t\t\t<i aria-hidden=\"true\" class=\"fas fa-arrow-circle-left\"><\/i>\t\t\t<\/span>\n\t\t\t\t\t\t\t\t\t<span class=\"elementor-button-text\">Ziele<\/span>\n\t\t\t\t\t<\/span>\n\t\t\t\t\t<\/a>\n\t\t\t\t<\/div>\n\t\t\t\t\t\t\t\t<\/div>\n\t\t\t\t<\/div>\n\t\t\t\t\t<\/div>\n\t\t<\/div>\n\t\t\t\t<div class=\"elementor-column elementor-col-25 elementor-top-column elementor-element elementor-element-eac8e4e\" data-id=\"eac8e4e\" data-element_type=\"column\" data-e-type=\"column\">\n\t\t\t<div class=\"elementor-widget-wrap\">\n\t\t\t\t\t\t\t<\/div>\n\t\t<\/div>\n\t\t\t\t<div class=\"elementor-column elementor-col-25 elementor-top-column elementor-element elementor-element-371d071\" data-id=\"371d071\" data-element_type=\"column\" data-e-type=\"column\">\n\t\t\t<div class=\"elementor-widget-wrap\">\n\t\t\t\t\t\t\t<\/div>\n\t\t<\/div>\n\t\t\t\t<div class=\"elementor-column elementor-col-25 elementor-top-column elementor-element elementor-element-e23b627\" data-id=\"e23b627\" data-element_type=\"column\" data-e-type=\"column\">\n\t\t\t<div class=\"elementor-widget-wrap\">\n\t\t\t\t\t\t\t<\/div>\n\t\t<\/div>\n\t\t\t\t\t<\/div>\n\t\t<\/section>\n\t\t\t\t<\/div>\n\t\t","protected":false},"excerpt":{"rendered":"<p>Zur Geschichte von Garbisdorf und des Quellenhofes Garbisdorf ist nach archivarischen Unterlagen ein Kolonistendorf fr\u00e4nkischer Siedler. Es wurde wie seine Nachbard\u00f6rfer in der Rodungszeit des Plei\u00dfner K\u00f6nigswaldes von einwandernden Volksgruppen [&hellip;]<\/p>\n","protected":false},"author":4,"featured_media":0,"parent":0,"menu_order":0,"comment_status":"closed","ping_status":"closed","template":"elementor_header_footer","meta":{"footnotes":""},"class_list":["post-174","page","type-page","status-publish","hentry"],"_links":{"self":[{"href":"https:\/\/www.quellen-hof.de\/kulturgut-quellenhof\/wp-json\/wp\/v2\/pages\/174","targetHints":{"allow":["GET"]}}],"collection":[{"href":"https:\/\/www.quellen-hof.de\/kulturgut-quellenhof\/wp-json\/wp\/v2\/pages"}],"about":[{"href":"https:\/\/www.quellen-hof.de\/kulturgut-quellenhof\/wp-json\/wp\/v2\/types\/page"}],"author":[{"embeddable":true,"href":"https:\/\/www.quellen-hof.de\/kulturgut-quellenhof\/wp-json\/wp\/v2\/users\/4"}],"replies":[{"embeddable":true,"href":"https:\/\/www.quellen-hof.de\/kulturgut-quellenhof\/wp-json\/wp\/v2\/comments?post=174"}],"version-history":[{"count":12,"href":"https:\/\/www.quellen-hof.de\/kulturgut-quellenhof\/wp-json\/wp\/v2\/pages\/174\/revisions"}],"predecessor-version":[{"id":8032,"href":"https:\/\/www.quellen-hof.de\/kulturgut-quellenhof\/wp-json\/wp\/v2\/pages\/174\/revisions\/8032"}],"wp:attachment":[{"href":"https:\/\/www.quellen-hof.de\/kulturgut-quellenhof\/wp-json\/wp\/v2\/media?parent=174"}],"curies":[{"name":"wp","href":"https:\/\/api.w.org\/{rel}","templated":true}]}}